 7, what is 1400 - 3061?
-1361
In base 9, what is 2 - 11504?
-11502
In base 8, what is -23 - -36366?
36343
In base 11, what is -9 - 6059?
-6067
In base 6, what is -14254533 + 23?
-14254510
In base 7, what is -40201 + -43?
-40244
In base 11, what is -2 - -197?
195
In base 5, what is -133200 - 4?
-133204
In base 5, what is 13 + -4311442?
-4311424
In base 9, what is -5 + -10046?
-10052
In base 7, what is -1 - -325?
324
In base 14, what is 32003a - -1?
32003b
In base 5, what is -410 + 200?
-210
In base 14, what is -1 + -465b6?
-465b7
In base 5, what is -41434 + -1132?
-43121
In base 16, what is -49 - -89ef?
89a6
In base 3, what is -22 - 210201?
-211000
In base 5, what is 10 + -14232133?
-14232123
In base 10, what is 4 - -23611?
23615
In base 3, what is 11201 + 11221?
100122
In base 8, what is 0 + -1267?
-1267
In base 2, what is -10011101 + 100011?
-1111010
In base 2, what is -100 + 11011010100101?
11011010100001
In base 9, what is -1221 + 21?
-1200
In base 10, what is 13 - 1740?
-1727
In base 12, what is 4 - -4700?
4704
In base 15, what is 2c3 - 6b?
257
In base 4, what is 210233030 - 10?
210233020
In base 9, what is 378 + 6185?
6574
In base 12, what is 273168b - -5?
2731694
In base 6, what is 1503113 - -20?
1503133
In base 9, what is -256730 + -4?
-256734
In base 3, what is 2112112 + -1020?
2111022
In base 14, what is 7 + 10492?
10499
In base 6, what is 1325 + 2233?
4002
In base 15, what is 5 + 55438?
5543d
In base 5, what is -4143244 + 22?
-4143222
In base 10, what is 8928 + -5?
8923
In base 4, what is -20223 + 101121?
20232
In base 15, what is -40 - -5cb?
58b
In base 12, what is 4181 - -a?
418b
In base 12, what is -3b4 + -5?
-3b9
In base 4, what is -30003221 - -123?
-30003032
In base 2, what is 10100100000100 + 10011010?
10100110011110
In base 10, what is -430 + 253?
-177
In base 6, what is 4332 - -15035?
23411
In base 13, what is -5 + -33702?
-33707
In base 2, what is -11 - -1110011110101100010?
1110011110101011111
In base 7, what is 11403 + -3013?
5360
In base 13, what is 4 + 94a8?
94ac
In base 3, what is 210 - -2210?
10120
In base 5, what is 12424202 + 0?
12424202
In base 3, what is 21001 + 101222002?
102020010
In base 5, what is 1312 - 104?
1203
In base 11, what is -342 + -17a?
-511
In base 9, what is 1088 + -43?
1045
In base 16, what is 35d + -33?
32a
In base 7, what is -15 - -16422?
16404
In base 7, what is -11 - -6023?
6012
In base 11, what is 28 + -17532?
-17505
In base 9, what is 3 + -3572?
-3568
In base 10, what is 7 - -14661?
14668
In base 12, what is 198 + 1697?
1873
In base 16, what is -65 - -3fad?
3f48
In base 14, what is -2680 - -5?
-2679
In base 2, what is 11111 - -1100010110111110?
1100010111011101
In base 3, what is -10 + -221111101121?
-221111101201
In base 3, what is 20202 + -10111121?
-10020212
In base 2, what is 1011010110110110 - 1?
1011010110110101
In base 15, what is -898d - 1?
-898e
In base 6, what is 0 - -114403?
114403
In base 11, what is -111 - -6065?
5a54
In base 5, what is 0 - 12123222?
-12123222
In base 7, what is 6231 - 22?
6206
In base 8, what is -11463 - 2?
-11465
In base 16, what is a8fb - e?
a8ed
In base 16, what is 53 - -db0?
e03
In base 3, what is -11 - -110021100?
110021012
In base 6, what is 1 - -402435?
402440
In base 8, what is 3 - -13556?
13561
In base 4, what is -201133 + -110103?
-311302
In base 15, what is 18e9 + -3?
18e6
In base 16, what is -1d9e - 3?
-1da1
In base 2, what is -11101111110110110000 - 1?
-11101111110110110001
In base 16, what is -2e - -c6?
98
In base 8, what is 1172 + 1017?
2211
In base 15, what is 11a0 + -4cd?
bc2
In base 3, what is -1222 - -22012102?
22010110
In base 2, what is 1011100 + -10111010?
-1011110
In base 2, what is 100 + -1001101011011?
-1001101010111
In base 6, what is -223 - -20333?
20110
In base 15, what is aeb + -60?
a8b
In base 6, what is -2415 - 11123?
-13542
In base 6, what is 14 + 3001331?
3001345
In base 11, what is 30 - -77868?
77898
In base 12, what is 0 - -31a320?
31a320
In base 6, what is 1 + 320151?
320152
In base 7, what is -3316 + 4?
-3312
In base 3, what is 2 + 1120?
1122
In base 11, what is -4 - -5318?
5314
In base 2, what is -1110110000 - 1110001?
-10000100001
In base 12, what is -49 + -15b2?
-163b
In base 14, what is -1 - -84c?
84b
In base 2, what is 1101 + 10011000110000110?
10011000110010011
In base 14, what is -2 + 156824?
156822
In base 7, what is 6564 + -1255?
5306
In base 15, what is -33b + -43c?
-778
In base 2, what is 0 + 110100111110?
110100111110
In base 14, what is c1 + 1585?
1666
In base 5, what is -2433 - -3011?
23
In base 14, what is 493764 + 1?
493765
In base 14, what is 0 + -1705?
-1705
In base 9, what is -35040 - -6?
-35033
In base 15, what is 22bd - 1c?
22a1
In base 9, what is -3 - -167043?
167040
In base 13, what is -c52 - 16a?
-10bc
In base 14, what is 4 + -d8d?
-d89
In base 10, what is -3 - -11162?
11159
In base 8, what is -1115167 + -6?
-1115175
In base 11, what is -944588 + 5?
-944583
In base 16, what is -4 - -3e59?
3e55
In base 7, what is 102 - -2162?
2264
In base 16, what is e - -1f66c?
1f67a
In base 6, what is -5 + -55345?
-55354
In base 12, what is -11a + -3146?
-3264
In base 5, what is 221 + -1132230?
-1132004
In base 15, what is 16 + d29b?
d2b2
In base 6, what is -1 + -100345?
-100350
In base 2, what is 1 + 11011010000100000?
11011010000100001
In base 5, what is -1422 - 11220?
-13142
In base 12, what is 6b6893 + -5?
6b688a
In base 16, what is f - 47f2b?
-47f1c
In base 13, what is 1ac + -cc?
b0
In base 14, what is -247 + 470?
227
In base 11, what is 6226a9 + 0?
6226a9
In base 10, what is -11046 + -366?
-11412
In base 16, what is -1dd9b - -4?
-1dd97
In base 8, what is -4 - -27?
23
In base 13, what is -4 - 53a02?
-53a06
In base 15, what is 335d9 + -3?
335d6
In base 12, what is 3650 - -194?
3824
In base 14, what is -255 - -a69?
814
In base 3, what is 22110 + -11020?
11020
In base 6, what is -20143 + 13?
-20130
In base 5, what is -21 - 331311?
-331332
In base 13, what is -7 + 5661?
5657
In base 13, what is -4144b7 - -2?
-4144b5
In base 7, what is -2066 - -14242?
12143
In base 5, what is 3 + 2123332?
2123340
In base 7, what is -150 + 22330?
22150
In base 8, what is 30654 + 125?
31001
In base 11, what is 27 - 19136?
-1910a
In base 11, what is -3a5836 + 4?
-3a5832
In base 3, what is 11100211 + -122111?
10201100
In base 10, what is -4 + -4577?
-4581
In base 9, what is 1 - 77670?
-77668
In base 16, what is 4 + -7c6b1?
-7c6ad
In base 5, what is 1031 - -10223?
11304
In base 3, what is -21202210 + -20002?
-21222212
In base 14, what is 1d68 + -5?
1d63
In base 7, what is 13413 - -2122?
15535
In base 13, what is -cc + -30a?
-409
In base 12, what is -1105 + -1?
-1106
In base 12, what is -519b8 + -9?
-51a05
In base 16, what is -11db - -63?
-1178
In base 16, what is 1069 - 3e?
102b
In base 2, what is 1100 - -11101000110111?
11101001000011
In base 9, what is -3362 - -814?
-2447
In base 5, what is -24 - 12041134?
-12041213
In base 12, what is -1ba47 + 37?
-1ba10
In base 10, what is 424 - 1100?
-676
In base 5, what is -222 + 442033?
441311
In base 2, what is 1010100000100 + -1011100?
1010010101000
In base 11, what is -285 + 876?
5a1
In base 6, what is 454215 - -1?
454220
In base 10, what is -246 + 281?
35
In base 13, what is -1ca - 85?
-282
In base 6, what is 1 + -2102500?
-2102455
In base 6, what is 13300 + 2425?
20125
In base 7, what is 40103 + -11?
40062
In base 3, what is 1221 + 2200011?
2202002
In base 11, what is 1 + 1220a1?
1220a2
In base 14, what is 1a - -c25a?
c276
In base 8, what is 22327 - -155?
22504
In base 13, what is a0c1c7 - -2?
a0c1c9
In base 3, what is 112 - -2221012200?
2221020012
In base 6, what is -2554 + -34?
-3032
In base 7, what is -16 - -1600542?
1600523
In base 15, what is 10b - 2ad?
-1a2
In base 8, what is -276 - -402?
104
In base 8, what is -102 + -655?
-757
In base 15, what is 21cd7 - 0?
21cd7
In base 12, what is -236 - 248?
-482
In base 11, what is 564 - 151?
413
In base 8, what is 2 - 55004?
-55002
In base 7, what is 104102 + -16?
104053
In base 4, what is 2 - -130310?
130312
In base 7, what is 2 + 121453?
121455
In base 9, what is 143514 + -4?
143510
In base 9, what is 68025 - 36?
67878
In base 13, what is -1327 - 38?
-1362
In base 13, what is 1c510 + 4?
1c514
In base 3, what is -11 + 101222022?
101222011
In